60 + 11?
71571
In base 12, what is 1 + 5300a?
5300b
In base 11, what is -9 + 32509?
32500
In base 4, what is 21023302 - -10?
21023312
In base 9, what is -211548 + 0?
-211548
In base 8, what is 30054 + -5?
30047
In base 13, what is -39c - -2092?
19c3
In base 14, what is -1cdd + 407?
-18d6
In base 13, what is -15 + -1988?
-19a0
In base 11, what is 0 - -21603?
21603
In base 16, what is -12ddf + 0?
-12ddf
In base 15, what is -b102 - -3?
-b0ee
In base 3, what is 12010 + -12110?
-100
In base 7, what is 2223 + -345?
1545
In base 13, what is -1 - -931?
930
In base 4, what is 11 + 102310001?
102310012
In base 5, what is -11312 + -3241?
-20103
In base 9, what is 4 - 16735?
-16731
In base 3, what is -1011122021 + -10?
-1011122101
In base 16, what is -15 - 1916f?
-19184
In base 9, what is -30864 - -30?
-30834
In base 14, what is -9d - 13a49?
-13b08
In base 7, what is 6200 + 63?
6263
In base 16, what is -6690 - -5?
-668b
In base 4, what is -2330 - 113013?
-122003
In base 3, what is -20211 - 212012?
-1010000
In base 4, what is -13131 + -120?
-13311
In base 12, what is 9b71 + -2?
9b6b
In base 5, what is 300120 + -213?
244402
In base 11, what is -3 + 14668?
14665
In base 5, what is -3 + 11430103?
11430100
In base 13, what is 39842 + 0?
39842
In base 5, what is 13 - -14234?
14302
In base 4, what is 3 - -200000313?
200000322
In base 6, what is -3 - 5025335?
-5025342
In base 12, what is -22400 + -10?
-22410
In base 2, what is 100001110001101 - -1000?
100001110010101
In base 12, what is 97 - -3627?
3702
In base 14, what is 1 - 10d05?
-10d04
In base 15, what is -35e - -37?
-327
In base 10, what is 1188 - -11?
1199
In base 10, what is 1558658 - -1?
1558659
In base 8, what is 76022 + -73?
75727
In base 7, what is 661 + 536?
1530
In base 7, what is 122461 - 0?
122461
In base 15, what is -4 + 402c4?
402c0
In base 12, what is 109a9 + 1?
109aa
In base 10, what is -4 + -1813067?
-1813071
In base 2, what is -11 + 1111100101100?
1111100101001
In base 2, what is 1000 - 100111000101?
-100110111101
In base 13, what is 660 + 10?
670
In base 5, what is -30314122 - -2?
-30314120
In base 8, what is 44506 + 2?
44510
In base 4, what is 2 + 300010131?
300010133
In base 9, what is -30786 - -110?
-30676
In base 13, what is 2627 + 6?
2630
In base 12, what is -212151 + -2?
-212153
In base 13, what is -149c9 - 4?
-14a00
In base 13, what is -1 - -25571c?
25571b
In base 15, what is -1b7 + 13a?
-7c
In base 3, what is -22221 + 1012201?
212210
In base 10, what is 32 - -28853?
28885
In base 12, what is -652 + 38a?
-284
In base 7, what is 10424423 - -4?
10424430
In base 9, what is 2 - -2787?
2800
In base 4, what is 13 - -11103322?
11110001
In base 16, what is 247 - -208?
44f
In base 12, what is -1a1 - 541?
-722
In base 12, what is 89b - 36?
865
In base 11, what is -a10 - -68?
-953
In base 7, what is 3230300 - -1?
3230301
In base 15, what is -13e - -2159?
201a
In base 11, what is -4 - -112279?
112275
In base 12, what is 532a - -7?
5335
In base 16, what is -1 - 70f73?
-70f74
In base 4, what is -123 + -23310000?
-23310123
In base 16, what is 0 + -bc3?
-bc3
In base 16, what is 4e5 + -33?
4b2
In base 2, what is -1000110 + 10000110010100?
10000101001110
In base 7, what is 12316 + 654?
13303
In base 8, what is -104402 + -1?
-104403
In base 8, what is -27500 - 3?
-27503
In base 6, what is 30325123 + -5?
30325114
In base 2, what is -101010010001010 - 11000?
-101010010100010
In base 3, what is -2002 - 1001020?
-1010022
In base 13, what is c - -1a390?
1a39c
In base 15, what is 2010b - -c?
20118
In base 6, what is -121 + -3525?
-4050
In base 11, what is 18020 + -4?
18017
In base 13, what is -1 + 88632?
88631
In base 9, what is 1631 + 71?
1712
In base 6, what is -3023 - 1313?
-4340
In base 14, what is 5566c3 + -2?
5566c1
In base 8, what is -51 + 134?
63
In base 11, what is -44 + 91?
48
In base 14, what is -2 + 129b6?
129b4
In base 3, what is 20 + -21202201?
-21202111
In base 8, what is -316 - 100?
-416
In base 8, what is 10606 - 4?
10602
In base 14, what is -408 - -619?
211
In base 10, what is -67 - 15501?
-15568
In base 9, what is -11 + 1631?
1620
In base 15, what is -8316 + -6?
-831c
In base 15, what is -72b7 - -1?
-72b6
In base 8, what is -27042 + 1?
-27041
In base 5, what is 21242 - 2213?
14024
In base 10, what is 2 + -683468?
-683466
In base 7, what is -21 - -42305?
42254
In base 13, what is -c43 + 66b?
-5a5
In base 5, what is -1 - 2003330?
-2003331
In base 16, what is -9074 - -18?
-905c
In base 13, what is b - -6c6b2?
6c6c0
In base 2, what is -1001 - 100100001110?
-100100010111
In base 9, what is 31 - 417?
-376
In base 13, what is -5 + -2076?
-207b
In base 7, what is -236050 - 4?
-236054
In base 8, what is -276 + 23570?
23272
In base 12, what is -3297 + -3?
-329a
In base 14, what is 1 - -6351?
6352
In base 3, what is -11 - 11221111?
-11221122
In base 4, what is 331 + 1200223?
1201220
In base 9, what is 86 + -31381?
-31284
In base 12, what is -45 - 2615?
-265a
In base 5, what is -332 - 1404343?
-1410230
In base 8, what is -2267 - 31?
-2320
In base 5, what is -32 + 20412?
20330
In base 15, what is 3 - 18c9?
-18c6
In base 7, what is 2 + 1155364?
1155366
In base 8, what is -20 + 6733?
6713
In base 6, what is 2153413 + 3?
2153420
In base 7, what is 2 + -1414553?
-1414551
In base 6, what is 0 - -4413001?
4413001
In base 7, what is 1 - -214?
215
In base 10, what is -1887 - 13?
-1900
In base 2, what is 1110010000100000 + -1001?
1110010000010111
In base 5, what is 4 + 3103302?
3103311
In base 4, what is 1013012 - 20030?
332322
In base 13, what is -2cc2 - -9?
-2cb6
In base 9, what is -2 + 66728?
66726
In base 11, what is -63 - -a305?
a252
In base 16, what is 20 + 55?
75
In base 2, what is -100 + -100101100110000?
-100101100110100
In base 9, what is 504335 - 1?
504334
In base 2, what is 100010101101101110 + 11?
100010101101110001
In base 12, what is -456 - -7b?
-397
In base 6, what is 3453034 + 4?
3453042
In base 4, what is -12221 + -2?
-12223
In base 5, what is 144412 + -11?
144401
In base 5, what is 10 + -13232202?
-13232142
In base 14, what is -61b + -2c?
-649
In base 11, what is -424235 - 0?
-424235
In base 10, what is 451 + 36?
487
In base 16, what is -131a4f - -1?
-131a4e
In base 12, what is 2 + 48985?
48987
In base 3, what is 0 + -111100101?
-111100101
In base 4, what is -3221 - -210120?
200233
In base 12, what is -2a224 + -4?
-2a228
In base 15, what is -7281 - -2?
-727e
In base 16, what is c13 - -e?
c21
In base 6, what is -10 + -310453?
-310503
In base 10, what is 25115 - -10?
25125
In base 13, what is -3140 - b6?
-3226
In base 12, what is -327b - -11?
-326a
In base 4, what is 1023 + -12300?
-11211
In base 7, what is 4304500 + 1?
4304501
In base 3, what is -2011001000010 - 11?
-2011001000021
In base 13, what is -4 + -6b41?
-6b45
In base 15, what is -1b78a8 + 3?
-1b78a5
In base 4, what is -33 - -231010?
230311
In base 5, what is 31014 - -212?
31231
In base 11, what is -73 + -14360?
-14423
In base 2, what is 1101110001110 + -100000?
1101101101110
In base 13, what is -10 - -44b67?
44b57
In base 4, what is 2031 + 12331113?
12333210
In base 9, what is -588668 - 5?
-588674
In base 16, what is 3 - 19cc0?
-19cbd
In base 3, what is -12121 - -11111?
-1010
In base 5, what is -22340 - 324?
-23214
In base 16, what is -10c - -82?
-8a
In base 14, what is -68721 - -2?
-6871d
In base 9, what is -6 - -30748?
30742
In base 3, what is 1112202221 - -111?
1112210102
In base 2, what is 100 + -10100000100111111?
-10100000100111011
In base 11, what is 5a - -54969?
54a18
In base 6, what is -2233341 + 11?
-2233330
In base 11, what is -1 + -23541?
-23542
In base 5, what is -4142400 + -12?
-4142412
In base 10, what is 41897 - -4?
41901
In base 16, what is 1 - 4b2f3?
-4b2f2
In base 13, what is 1402 - a?
13c5
In base 8, what is 205211 + 20?
205231
In base 13, what is 243a - -170?
25aa
In base 4, what is -23331 + -11031?
-101022
In base 2, what is 10 - -110110001000110?
110110001001000
In base 5, what is 3424340411 - 2?
3424340404
In base 7, what is 650360 + 1?
650361
In base 3, what is 10000 + -21001?
-11001
In base 12, what is 33b - 6?
335
In base 12, what is -7 - 100427?
-100432
In base 11, what is 214a2 - 20?
21482
In base 15, what is -1 - -11777?
11776
In base 13, what is 5 - c5334?
-c532c
In base 16, what is 6 + 19a8?
19ae
I